{"id":856,"date":"2018-08-29T23:00:51","date_gmt":"2018-08-30T02:00:51","guid":{"rendered":"https:\/\/ens3a-caba.infd.edu.ar\/sitio\/consejo-directivo\/"},"modified":"2023-02-22T19:50:36","modified_gmt":"2023-02-22T22:50:36","slug":"consejo-directivo","status":"publish","type":"page","link":"https:\/\/ens3a-caba.infd.edu.ar\/sitio\/consejo-directivo\/","title":{"rendered":"Consejo Directivo"},"content":{"rendered":"<p style=\"text-align: center;\"><span style=\"font-family: arial, helvetica, sans-serif; font-size: 10pt;\"><strong>CONSEJO DIRECTIVO<\/strong><\/span><\/p>\n<hr style=\"height: 3px; width: 600px;\" size=\"3\" width=\"600\" \/>\n<p style=\"text-align: center;\"><span style=\"font-family: verdana, geneva; font-size: 10pt;\"><strong>CLAUSTRO DE DOCENTES<\/strong><\/span><\/p>\n<p style=\"text-align: center;\"><span style=\"font-family: verdana, geneva; font-size: 10pt;\"><em>Titular:<\/em><\/span><\/p>\n<p style=\"text-align: center;\">Prof. Omar Mur\u00faa<\/p>\n<p style=\"text-align: center;\"><span style=\"font-family: verdana, geneva; font-size: 10pt;\"><em>Suplentes:<br \/>\n<\/em><\/span>Prof. Marina Orecchio<br \/>\nProf. Victoria Rivas<\/p>\n<p style=\"text-align: center;\"><span style=\"font-family: verdana, geneva; font-size: 10pt;\"><strong>CLAUSTRO DE ALUMNOS\u00a0<\/strong><\/span><\/p>\n<p style=\"text-align: center;\"><span style=\"font-family: verdana, geneva; font-size: 10pt;\"><em>Titulares:<\/em><\/span><br \/>\nDeborah Yanina Gonz\u00e1lez<br \/>\nCecilia Fern\u00e1ndez<br \/>\nMariel Oropeza<\/p>\n<p style=\"text-align: center;\"><span style=\"font-family: verdana, geneva; font-size: 10pt;\"><em>Suplentes:<\/em><\/span><br \/>\nBrenda Denise Capeika<br \/>\nAugusto Del Vecchio<br \/>\nFlorencia Andrea Ib\u00e1\u00f1ez<br \/>\nMar\u00eda del Carmen Ram\u00edrez<\/p>\n<p style=\"text-align: center;\"><span style=\"font-family: verdana, geneva; font-size: 10pt;\"><strong>CLAUSTRO DE GRADUADOS<\/strong><\/span><\/p>\n<p style=\"text-align: center;\"><span style=\"font-family: verdana, geneva; font-size: 10pt;\"><em>Titulares:<\/em><\/span><br \/>\nMar\u00eda Manolios<\/p>\n<p style=\"text-align: center;\"><span style=\"font-family: verdana, geneva; font-size: 10pt;\"><em>Suplentes:<br \/>\n<\/em><\/span>Maitena Barboza<\/p>\n","protected":false},"excerpt":{"rendered":"<p>CONSEJO DIRECTIVO CLAUSTRO DE DOCENTES Titular: Prof. Omar Mur\u00faa Suplentes: Prof. Marina Orecchio Prof. Victoria Rivas CLAUSTRO DE ALUMNOS\u00a0 Titulares: Deborah Yanina Gonz\u00e1lez Cecilia Fern\u00e1ndez Mariel Oropeza Suplentes: Brenda Denise Capeika Augusto Del Vecchio Florencia Andrea Ib\u00e1\u00f1ez Mar\u00eda del Carmen Ram\u00edrez CLAUSTRO DE GRADUADOS Titulares: Mar\u00eda Manolios Suplentes: Maitena Barboza<\/p>\n","protected":false},"author":7,"featured_media":0,"parent":0,"menu_order":0,"comment_status":"closed","ping_status":"closed","template":"","meta":[],"acf":[],"_links":{"self":[{"href":"https:\/\/ens3a-caba.infd.edu.ar\/sitio\/wp-json\/wp\/v2\/pages\/856"}],"collection":[{"href":"https:\/\/ens3a-caba.infd.edu.ar\/sitio\/wp-json\/wp\/v2\/pages"}],"about":[{"href":"https:\/\/ens3a-caba.infd.edu.ar\/sitio\/wp-json\/wp\/v2\/types\/page"}],"author":[{"embeddable":true,"href":"https:\/\/ens3a-caba.infd.edu.ar\/sitio\/wp-json\/wp\/v2\/users\/7"}],"replies":[{"embeddable":true,"href":"https:\/\/ens3a-caba.infd.edu.ar\/sitio\/wp-json\/wp\/v2\/comments?post=856"}],"version-history":[{"count":4,"href":"https:\/\/ens3a-caba.infd.edu.ar\/sitio\/wp-json\/wp\/v2\/pages\/856\/revisions"}],"predecessor-version":[{"id":1917,"href":"https:\/\/ens3a-caba.infd.edu.ar\/sitio\/wp-json\/wp\/v2\/pages\/856\/revisions\/1917"}],"wp:attachment":[{"href":"https:\/\/ens3a-caba.infd.edu.ar\/sitio\/wp-json\/wp\/v2\/media?parent=856"}],"curies":[{"name":"wp","href":"https:\/\/api.w.org\/{rel}","templated":true}]}}