{"id":812,"date":"2018-08-29T23:00:30","date_gmt":"2018-08-30T02:00:30","guid":{"rendered":"https:\/\/ens3a-caba.infd.edu.ar\/sitio\/ubicacion\/"},"modified":"2025-05-13T09:54:26","modified_gmt":"2025-05-13T12:54:26","slug":"ubicacion","status":"publish","type":"page","link":"https:\/\/ens3a-caba.infd.edu.ar\/sitio\/ubicacion\/","title":{"rendered":"Ubicaci\u00f3n"},"content":{"rendered":"<p style=\"text-align: center;\"><span style=\"color: #3366ff;\"><a style=\"color: #3366ff;\" href=\"https:\/\/www.google.com\/maps\/d\/u\/1\/edit?mid=1HCtea3W-5oRMx2xyXyAEpLwG4VY0Juk&amp;usp=sharing\"><strong><span style=\"font-size: 18pt;\"><span style=\"font-family: verdana,geneva;\">Mapa din\u00e1mico<\/span><\/span><\/strong><\/a><\/span><\/p>\n<p style=\"text-align: center;\"><span style=\"font-size: 12pt; color: #999999;\"><span style=\"font-family: verdana,geneva;\">Direcci\u00f3n: Tte. Primero Roberto N\u00e9stor Est\u00e9vez s\/n entre Av. Casta\u00f1ares y Saraza<\/span><\/span><\/p>\n<p style=\"text-align: center;\"><span style=\"font-size: 12pt; color: #999999;\"><span style=\"font-family: verdana,geneva;\">Tel\u00e9fono:\u00a04602 &#8211; 4206<\/span><\/span><\/p>\n<p style=\"text-align: center;\"><span style=\"font-size: 12pt; color: #999999;\"><span style=\"font-family: verdana,geneva;\"><span class=\"feature_attr\">Colectivos:<\/span><span class=\"feature_attr_value\">7, 47, 50, 56, 86, 88, 91, 96, 101, 114, 141, 145, 165, 180, 193<\/span><\/span><\/span><\/p>\n<p style=\"text-align: center;\"><a href=\"http:\/\/mapa.buenosaires.gob.ar\/comollego\/comollego\/?lat=-34.659016&amp;lng=-58.470826&amp;zl=14&amp;modo=transporte&amp;hasta=Esc.+Normal+Superior+N%C2%B0+03+Bernardino+Rivadavia+(anexo)%2C+Establecimiento+Educativo+de+Gesti%C3%B3n+Estatal\" target=\"_blank\" rel=\"noopener\"><strong>\u00bfC\u00f3mo llego?<\/strong><\/a><\/p>\n","protected":false},"excerpt":{"rendered":"<p>Mapa din\u00e1mico Direcci\u00f3n: Tte. Primero Roberto N\u00e9stor Est\u00e9vez s\/n entre Av. Casta\u00f1ares y Saraza Tel\u00e9fono:\u00a04602 &#8211; 4206 Colectivos:7, 47, 50, 56, 86, 88, 91, 96, 101, 114, 141, 145, 165, 180, 193 \u00bfC\u00f3mo llego?<\/p>\n","protected":false},"author":7,"featured_media":0,"parent":0,"menu_order":0,"comment_status":"closed","ping_status":"closed","template":"","meta":[],"acf":[],"_links":{"self":[{"href":"https:\/\/ens3a-caba.infd.edu.ar\/sitio\/wp-json\/wp\/v2\/pages\/812"}],"collection":[{"href":"https:\/\/ens3a-caba.infd.edu.ar\/sitio\/wp-json\/wp\/v2\/pages"}],"about":[{"href":"https:\/\/ens3a-caba.infd.edu.ar\/sitio\/wp-json\/wp\/v2\/types\/page"}],"author":[{"embeddable":true,"href":"https:\/\/ens3a-caba.infd.edu.ar\/sitio\/wp-json\/wp\/v2\/users\/7"}],"replies":[{"embeddable":true,"href":"https:\/\/ens3a-caba.infd.edu.ar\/sitio\/wp-json\/wp\/v2\/comments?post=812"}],"version-history":[{"count":6,"href":"https:\/\/ens3a-caba.infd.edu.ar\/sitio\/wp-json\/wp\/v2\/pages\/812\/revisions"}],"predecessor-version":[{"id":2243,"href":"https:\/\/ens3a-caba.infd.edu.ar\/sitio\/wp-json\/wp\/v2\/pages\/812\/revisions\/2243"}],"wp:attachment":[{"href":"https:\/\/ens3a-caba.infd.edu.ar\/sitio\/wp-json\/wp\/v2\/media?parent=812"}],"curies":[{"name":"wp","href":"https:\/\/api.w.org\/{rel}","templated":true}]}}