{"id":810,"date":"2018-08-29T23:00:29","date_gmt":"2018-08-30T02:00:29","guid":{"rendered":"https:\/\/ens3a-caba.infd.edu.ar\/sitio\/historia\/"},"modified":"2023-12-15T15:19:12","modified_gmt":"2023-12-15T18:19:12","slug":"historia","status":"publish","type":"page","link":"https:\/\/ens3a-caba.infd.edu.ar\/sitio\/historia\/","title":{"rendered":"Historia"},"content":{"rendered":"<p class=\"MsoNormal\" style=\"margin: 0cm 0cm 0pt; text-align: center;\"><span style=\"font-size: 11pt; font-family: Verdana;\"><span style=\"color: #000080;\"><strong><span style=\"font-size: 10pt;\"><span style=\"color: #3366ff;\"><span style=\"text-decoration: underline;\">UN POCO DE HISTORIA&#8230;<\/span><\/span><\/span><\/strong><\/span><\/span><\/p>\n<p class=\"MsoNormal\" style=\"margin: 0cm 0cm 0pt; text-align: center;\"><span style=\"font-size: 10pt;\">\u00a0<\/span><\/p>\n<p class=\"MsoNormal\" style=\"margin: 0cm 0cm 0pt; text-align: justify;\"><span style=\"font-family: Verdana;\"><span style=\"font-size: 10pt;\">Era necesaria la creaci\u00f3n de un instituto de formaci\u00f3n docente en la zona sur, ya que por <strong>1995<\/strong> no hab\u00eda ofertas educativas de nivel terciario en las franjas perimetrales de la Capital Federal. Los alumnos se trasladaban a Caballito, Parque Patricios o a San Telmo con los inconvenientes socio econ\u00f3micos que esto les generaba. <\/span><\/span><\/p>\n<p class=\"MsoNormal\" style=\"margin: 0cm 0cm 0pt; text-align: justify;\"><span style=\"font-size: 10pt;\">\u00a0<\/span><\/p>\n<p class=\"MsoNormal\" style=\"margin: 0cm 0cm 0pt; text-align: justify;\"><span style=\"font-family: Verdana;\"><span style=\"font-size: 10pt;\">Esta situaci\u00f3n fue advertida por el\u00a0Rector del E.N.S N\u00ba 3 \u00abBernardino Rivadavia\u00bb, profesor <strong>Jos\u00e9 Luis Delmonte<\/strong> quien, conjuntamente con las autoridades de la Direcci\u00f3n de Ense\u00f1anza Superior y el Supervisor de nivel primario del D.E. 21 prof. <strong>Hector Pastorino<\/strong> decidieron que Villa Lugano era un lugar importante y con mucha convocatoria para tal fin. Se busc\u00f3 un edificio adecuado y se decidi\u00f3 que la <strong>escuela N\u00ba 14 D.E 21<\/strong>, de la calle Ca\u00f1ada de G\u00f3mez 4548, ten\u00eda las comodidades suficientes para compartir con un Anexo del E.N.S. N\u00ba 3.<\/span><\/span><\/p>\n<p class=\"MsoNormal\" style=\"margin: 0cm 0cm 0pt; text-align: center;\"><span style=\"font-size: 10pt;\"><img decoding=\"async\" title=\"Frente de la escuela\" src=\"https:\/\/ens3a-caba.infd.edu.ar\/sitio\/wp-content\/uploads\/2018\/08\/frente_escuela_640x480.bmp\" alt=\"Frente de la escuela\" border=\"0\" \/>\u00a0<\/span><\/p>\n<p class=\"MsoNormal\" style=\"margin: 0cm 0cm 0pt; text-align: justify;\"><span style=\"font-family: Verdana;\"><span style=\"font-size: 10pt;\">Gracias al esfuerzo mancomunado de dos Direcciones de la entonces Secretar\u00eda de Educaci\u00f3n de la Ciudad de Buenos Aires, a partir del 1\u00ba de abril de 1996 funciona, en el turno vespertino, esta instituci\u00f3n de nivel terciario que en la actualidad alberga gran cantidad de alumnos de los <strong>profesorados de Nivel Primario y de Educaci\u00f3n Inicial.<\/strong><\/span><\/span><\/p>\n<p class=\"MsoNormal\" style=\"margin: 0cm 0cm 0pt; text-align: justify;\"><span style=\"font-family: Verdana;\"><span style=\"font-size: 10pt;\"><strong>\u00a0<\/strong><\/span><\/span><\/p>\n<p class=\"MsoNormal\" style=\"margin: 0cm 0cm 0pt; text-align: justify;\"><span style=\"font-family: Verdana;\"><span style=\"font-size: 10pt;\"><strong>Con los a\u00f1os, el anexo de la ENS 3 tuvo su propio edificio en la calle Saraza<span class=\"st\"> 4204.<\/span><\/strong><\/span><\/span><\/p>\n<p class=\"MsoNormal\" style=\"margin: 0cm 0cm 0pt; text-align: justify;\"><span style=\"font-family: Verdana;\"><span style=\"font-size: 10pt;\"><strong><span class=\"st\">\u00a0<\/span><\/strong><\/span><\/span><\/p>\n<p class=\"MsoNormal\" style=\"margin: 0cm 0cm 0pt;\"><span style=\"font-family: Verdana;\"><span style=\"font-size: 10pt;\"><strong><img decoding=\"async\" loading=\"lazy\" style=\"vertical-align: middle; display: block; margin-left: auto; margin-right: auto;\" src=\"https:\/\/ens3a-caba.infd.edu.ar\/aula\/archivos\/repositorio\/0\/132\/ENS%203%20anexo%202.jpg\" alt=\"\" width=\"483\" height=\"331\" border=\"0\" \/><\/strong><\/span><\/span><\/p>\n<p>\u00a0<\/p>\n<p>Te compartimos la narraci\u00f3n de esta historia que hizo Silvia Amaya, profesora, regente y vicerrectora jubilada de nuestra casa de estudios:<\/p>\n\n\n<figure class=\"wp-block-embed is-type-video is-provider-youtube wp-block-embed-youtube wp-embed-aspect-16-9 wp-has-aspect-ratio\"><div class=\"wp-block-embed__wrapper\">\n<iframe loading=\"lazy\" title=\"Historia del Normal 3 anexo Lugano\" width=\"1200\" height=\"675\" src=\"https:\/\/www.youtube.com\/embed\/dRimkdeuCuU?feature=oembed\" frameborder=\"0\" allow=\"accelerometer; autoplay; clipboard-write; encrypted-media; gyroscope; picture-in-picture; web-share\" allowfullscreen><\/iframe>\n<\/div><\/figure>\n","protected":false},"excerpt":{"rendered":"<p>UN POCO DE HISTORIA&#8230; \u00a0 Era necesaria la creaci\u00f3n de un instituto de formaci\u00f3n docente en la zona sur, ya que por 1995 no hab\u00eda ofertas educativas de nivel terciario en las franjas perimetrales de la Capital Federal. Los alumnos se trasladaban a Caballito, Parque Patricios o a San Telmo con los inconvenientes socio econ\u00f3micos &#8230; <a title=\"Historia\" class=\"read-more\" href=\"https:\/\/ens3a-caba.infd.edu.ar\/sitio\/historia\/\" aria-label=\"More on Historia\">[+]<\/a><\/p>\n","protected":false},"author":7,"featured_media":0,"parent":0,"menu_order":0,"comment_status":"closed","ping_status":"closed","template":"","meta":[],"acf":[],"_links":{"self":[{"href":"https:\/\/ens3a-caba.infd.edu.ar\/sitio\/wp-json\/wp\/v2\/pages\/810"}],"collection":[{"href":"https:\/\/ens3a-caba.infd.edu.ar\/sitio\/wp-json\/wp\/v2\/pages"}],"about":[{"href":"https:\/\/ens3a-caba.infd.edu.ar\/sitio\/wp-json\/wp\/v2\/types\/page"}],"author":[{"embeddable":true,"href":"https:\/\/ens3a-caba.infd.edu.ar\/sitio\/wp-json\/wp\/v2\/users\/7"}],"replies":[{"embeddable":true,"href":"https:\/\/ens3a-caba.infd.edu.ar\/sitio\/wp-json\/wp\/v2\/comments?post=810"}],"version-history":[{"count":4,"href":"https:\/\/ens3a-caba.infd.edu.ar\/sitio\/wp-json\/wp\/v2\/pages\/810\/revisions"}],"predecessor-version":[{"id":2082,"href":"https:\/\/ens3a-caba.infd.edu.ar\/sitio\/wp-json\/wp\/v2\/pages\/810\/revisions\/2082"}],"wp:attachment":[{"href":"https:\/\/ens3a-caba.infd.edu.ar\/sitio\/wp-json\/wp\/v2\/media?parent=810"}],"curies":[{"name":"wp","href":"https:\/\/api.w.org\/{rel}","templated":true}]}}

<p class="MsoNormal" style="margin: 0cm 0cm 0pt; text-align: center;"><span style="font-size: 11pt; font-family: Verdana;"><span style="color: #000080;"><strong><span style="font-size: 10pt;"><span style="color: #3366ff;"><span style="text-decoration: underline;">UN POCO DE HISTORIA&#8230;</span></span></span></strong></span></span></p>
<p class="MsoNormal" style="margin: 0cm 0cm 0pt; text-align: center;"><span style="font-size: 10pt;"> </span></p>
<p class="MsoNormal" style="margin: 0cm 0cm 0pt; text-align: justify;"><span style="font-family: Verdana;"><span style="font-size: 10pt;">Era necesaria la creación de un instituto de formación docente en la zona sur, ya que por <strong>1995</strong> no había ofertas educativas de nivel terciario en las franjas perimetrales de la Capital Federal. Los alumnos se trasladaban a Caballito, Parque Patricios o a San Telmo con los inconvenientes socio económicos que esto les generaba. </span></span></p>
<p class="MsoNormal" style="margin: 0cm 0cm 0pt; text-align: justify;"><span style="font-size: 10pt;"> </span></p>
<p class="MsoNormal" style="margin: 0cm 0cm 0pt; text-align: justify;"><span style="font-family: Verdana;"><span style="font-size: 10pt;">Esta situación fue advertida por el Rector del E.N.S Nº 3 «Bernardino Rivadavia», profesor <strong>José Luis Delmonte</strong> quien, conjuntamente con las autoridades de la Dirección de Enseñanza Superior y el Supervisor de nivel primario del D.E. 21 prof. <strong>Hector Pastorino</strong> decidieron que Villa Lugano era un lugar importante y con mucha convocatoria para tal fin. Se buscó un edificio adecuado y se decidió que la <strong>escuela Nº 14 D.E 21</strong>, de la calle Cañada de Gómez 4548, tenía las comodidades suficientes para compartir con un Anexo del E.N.S. Nº 3.</span></span></p>
<p class="MsoNormal" style="margin: 0cm 0cm 0pt; text-align: center;"><span style="font-size: 10pt;"><img decoding="async" title="Frente de la escuela" src="https://ens3a-caba.infd.edu.ar/sitio/wp-content/uploads/2018/08/frente_escuela_640x480.bmp" alt="Frente de la escuela" border="0" /> </span></p>
<p class="MsoNormal" style="margin: 0cm 0cm 0pt; text-align: justify;"><span style="font-family: Verdana;"><span style="font-size: 10pt;">Gracias al esfuerzo mancomunado de dos Direcciones de la entonces Secretaría de Educación de la Ciudad de Buenos Aires, a partir del 1º de abril de 1996 funciona, en el turno vespertino, esta institución de nivel terciario que en la actualidad alberga gran cantidad de alumnos de los <strong>profesorados de Nivel Primario y de Educación Inicial.</strong></span></span></p>
<p class="MsoNormal" style="margin: 0cm 0cm 0pt; text-align: justify;"><span style="font-family: Verdana;"><span style="font-size: 10pt;"><strong> </strong></span></span></p>
<p class="MsoNormal" style="margin: 0cm 0cm 0pt; text-align: justify;"><span style="font-family: Verdana;"><span style="font-size: 10pt;"><strong>Con los años, el anexo de la ENS 3 tuvo su propio edificio en la calle Saraza<span class="st"> 4204.</span></strong></span></span></p>
<p class="MsoNormal" style="margin: 0cm 0cm 0pt; text-align: justify;"><span style="font-family: Verdana;"><span style="font-size: 10pt;"><strong><span class="st"> </span></strong></span></span></p>
<p class="MsoNormal" style="margin: 0cm 0cm 0pt;"><span style="font-family: Verdana;"><span style="font-size: 10pt;"><strong><img decoding="async" loading="lazy" style="vertical-align: middle; display: block; margin-left: auto; margin-right: auto;" src="https://ens3a-caba.infd.edu.ar/aula/archivos/repositorio/0/132/ENS%203%20anexo%202.jpg" alt="" width="483" height="331" border="0" /></strong></span></span></p>
<p> </p>
<p>Te compartimos la narración de esta historia que hizo Silvia Amaya, profesora, regente y vicerrectora jubilada de nuestra casa de estudios:</p>


<figure class="wp-block-embed is-type-video is-provider-youtube wp-block-embed-youtube wp-embed-aspect-16-9 wp-has-aspect-ratio"><div class="wp-block-embed__wrapper">
<iframe loading="lazy" title="Historia del Normal 3 anexo Lugano" width="1200" height="675" src="https://www.youtube.com/embed/dRimkdeuCuU?feature=oembed" frameborder="0" allow="accelerometer; autoplay; clipboard-write; encrypted-media; gyroscope; picture-in-picture; web-share" allowfullscreen></iframe>
</div></figure>

<p>UN POCO DE HISTORIA&#8230;   Era necesaria la creación de un instituto de formación docente en la zona sur, ya que por 1995 no había ofertas educativas de nivel terciario en las franjas perimetrales de la Capital Federal. Los alumnos se trasladaban a Caballito, Parque Patricios o a San Telmo con los inconvenientes socio económicos &#8230; <a title="Historia" class="read-more" href="https://ens3a-caba.infd.edu.ar/sitio/historia/" aria-label="More on Historia">[+]</a></p>
