{"id":2033,"date":"2023-09-22T11:48:54","date_gmt":"2023-09-22T14:48:54","guid":{"rendered":"https:\/\/ens3a-caba.infd.edu.ar\/sitio\/?page_id=2033"},"modified":"2023-09-22T15:33:03","modified_gmt":"2023-09-22T18:33:03","slug":"consejo-de-convivencia","status":"publish","type":"page","link":"https:\/\/ens3a-caba.infd.edu.ar\/sitio\/consejo-de-convivencia\/","title":{"rendered":"Consejo de Convivencia"},"content":{"rendered":"\n<p class=\"has-text-align-center\"><mark style=\"background-color:rgba(0, 0, 0, 0)\" class=\"has-inline-color has-contrast-2-color\">OFICIALIZACI\u00d3N DE POSTULANTES CONSEJO DE CONVIVENCIA<br>DIFUSI\u00d3N DE POSTULANTES CONSEJO DE CONVIVENCIA<\/mark><\/p>\n\n\n\n<p>Habi\u00e9ndose cumplido los plazos de presentaci\u00f3n de postulaciones, se oficializa la postulaci\u00f3n de las siguientes listas para la elecci\u00f3n del Consejo de Convivencia del Nivel Terciario de ambas Sedes:<\/p>\n\n\n\n<p><strong>CLAUSTRO DOCENTE:<\/strong><\/p>\n\n\n\n<p>Prof. Horacio C\u00e1rdenas (titular)<\/p>\n\n\n\n<p>Prof. Paola Peimer (titular)<\/p>\n\n\n\n<p>Prof. M. Laura Rago (suplente)<\/p>\n\n\n\n<p>Prof. Sandra Bachman (suplente)<\/p>\n\n\n\n<p><strong>CLAUSTRO ESTUDIANTES:<\/strong><\/p>\n\n\n\n<p>Daniela Roc\u00edo Bova (PEP)<\/p>\n\n\n\n<p>Mayra Le\u00f3n (PEI)<\/p>\n\n\n\n<p>Daniela Bel\u00e9n Quispe (PEP)<\/p>\n\n\n\n<p><strong>CRONOGRAMA DE ACTIVIDADES:<\/strong><\/p>\n\n\n\n<p>Elecciones: Del 25 al 29 de septiembre de 2023 <\/p>\n\n\n\n<p>Lunes a Jueves: de 8:10 a 20 hs<\/p>\n\n\n\n<p>Viernes: de 8:10 a 12:30 hs<\/p>\n\n\n\n<p>Escrutinio: 29\/09\/2023 a las 16: 00 hs<\/p>\n\n\n\n<p>Asunci\u00f3n de los nuevos consejeros: 02-10-2023<\/p>\n","protected":false},"excerpt":{"rendered":"<p>OFICIALIZACI\u00d3N DE POSTULANTES CONSEJO DE CONVIVENCIADIFUSI\u00d3N DE POSTULANTES CONSEJO DE CONVIVENCIA Habi\u00e9ndose cumplido los plazos de presentaci\u00f3n de postulaciones, se oficializa la postulaci\u00f3n de las siguientes listas para la elecci\u00f3n del Consejo de Convivencia del Nivel Terciario de ambas Sedes: CLAUSTRO DOCENTE: Prof. Horacio C\u00e1rdenas (titular) Prof. Paola Peimer (titular) Prof. M. Laura Rago (suplente) &#8230; <a title=\"Consejo de Convivencia\" class=\"read-more\" href=\"https:\/\/ens3a-caba.infd.edu.ar\/sitio\/consejo-de-convivencia\/\" aria-label=\"More on Consejo de Convivencia\">[+]<\/a><\/p>\n","protected":false},"author":3576,"featured_media":0,"parent":0,"menu_order":0,"comment_status":"closed","ping_status":"closed","template":"","meta":[],"acf":[],"_links":{"self":[{"href":"https:\/\/ens3a-caba.infd.edu.ar\/sitio\/wp-json\/wp\/v2\/pages\/2033"}],"collection":[{"href":"https:\/\/ens3a-caba.infd.edu.ar\/sitio\/wp-json\/wp\/v2\/pages"}],"about":[{"href":"https:\/\/ens3a-caba.infd.edu.ar\/sitio\/wp-json\/wp\/v2\/types\/page"}],"author":[{"embeddable":true,"href":"https:\/\/ens3a-caba.infd.edu.ar\/sitio\/wp-json\/wp\/v2\/users\/3576"}],"replies":[{"embeddable":true,"href":"https:\/\/ens3a-caba.infd.edu.ar\/sitio\/wp-json\/wp\/v2\/comments?post=2033"}],"version-history":[{"count":3,"href":"https:\/\/ens3a-caba.infd.edu.ar\/sitio\/wp-json\/wp\/v2\/pages\/2033\/revisions"}],"predecessor-version":[{"id":2039,"href":"https:\/\/ens3a-caba.infd.edu.ar\/sitio\/wp-json\/wp\/v2\/pages\/2033\/revisions\/2039"}],"wp:attachment":[{"href":"https:\/\/ens3a-caba.infd.edu.ar\/sitio\/wp-json\/wp\/v2\/media?parent=2033"}],"curies":[{"name":"wp","href":"https:\/\/api.w.org\/{rel}","templated":true}]}}