{"id":1705,"date":"2022-06-14T19:44:01","date_gmt":"2022-06-14T22:44:01","guid":{"rendered":"https:\/\/ens3a-caba.infd.edu.ar\/sitio\/?page_id=1705"},"modified":"2025-08-12T09:12:45","modified_gmt":"2025-08-12T12:12:45","slug":"campo-de-la-formacion-en-la-practica-profesional","status":"publish","type":"page","link":"https:\/\/ens3a-caba.infd.edu.ar\/sitio\/campo-de-la-formacion-en-la-practica-profesional\/","title":{"rendered":"Campo de la Formaci\u00f3n en la Pr\u00e1ctica Profesional"},"content":{"rendered":"\n<p><a href=\"https:\/\/docs.google.com\/document\/d\/1yoC6nsWPLaLQtZ1iRZimNsF1fE-Bz3RJSzjqEVZiulU\/edit?usp=sharing\" target=\"_blank\" rel=\"noreferrer noopener\">Encuadre de trabajo de las Pr\u00e1cticas<\/a><\/p>\n\n\n\n<p><a href=\"https:\/\/direccionprimaria.wixsite.com\/caba\">Localizaci\u00f3n de escuelas<\/a><\/p>\n\n\n\n<p><a href=\"https:\/\/drive.google.com\/drive\/folders\/1FBuZkp99SnOW6SnN7wmKA0TiuJ9kSUbP?usp=sharing\">Informaci\u00f3n sobre Distritos Escolares<\/a><\/p>\n\n\n\n<p><a href=\"https:\/\/drive.google.com\/drive\/folders\/1Y09iHZI2cj686UxoIHQAMZ7vG1Jpr22n?usp=sharing\">Materiales Curriculares<\/a><\/p>\n\n\n\n<p><a href=\"https:\/\/buenosaires.gob.ar\/educacion\/diseno-curricular-nivel-primario\" target=\"_blank\" rel=\"noreferrer noopener\">Desarrollos curriculares<\/a><\/p>\n\n\n\n<p><a href=\"https:\/\/docs.google.com\/spreadsheets\/d\/16j_XZJ15jsoJ_fpLoTt-fmhinj9fLwm6zLei_tGDXUk\/edit?usp=sharing\">Bibliotecas<\/a><\/p>\n\n\n\n<p><a href=\"https:\/\/drive.google.com\/drive\/folders\/1KAaku6jhPdumpiGCpuLwShaMVrQUadm_?usp=sharing\">Otros enlaces de inter\u00e9s<\/a><\/p>\n\n\n\n<p><\/p>\n\n\n\n<p><a href=\"https:\/\/docs.google.com\/spreadsheets\/d\/1BUufSLx4Ew6sw8AeHtb6541FKUdx47iZ-TvVg5cVFfY\/edit?usp=sharing\">Materiales f\u00edlmicos<\/a><\/p>\n","protected":false},"excerpt":{"rendered":"<p>Encuadre de trabajo de las Pr\u00e1cticas Localizaci\u00f3n de escuelas Informaci\u00f3n sobre Distritos Escolares Materiales Curriculares Desarrollos curriculares Bibliotecas Otros enlaces de inter\u00e9s Materiales f\u00edlmicos<\/p>\n","protected":false},"author":3576,"featured_media":0,"parent":0,"menu_order":0,"comment_status":"closed","ping_status":"closed","template":"","meta":[],"acf":[],"_links":{"self":[{"href":"https:\/\/ens3a-caba.infd.edu.ar\/sitio\/wp-json\/wp\/v2\/pages\/1705"}],"collection":[{"href":"https:\/\/ens3a-caba.infd.edu.ar\/sitio\/wp-json\/wp\/v2\/pages"}],"about":[{"href":"https:\/\/ens3a-caba.infd.edu.ar\/sitio\/wp-json\/wp\/v2\/types\/page"}],"author":[{"embeddable":true,"href":"https:\/\/ens3a-caba.infd.edu.ar\/sitio\/wp-json\/wp\/v2\/users\/3576"}],"replies":[{"embeddable":true,"href":"https:\/\/ens3a-caba.infd.edu.ar\/sitio\/wp-json\/wp\/v2\/comments?post=1705"}],"version-history":[{"count":9,"href":"https:\/\/ens3a-caba.infd.edu.ar\/sitio\/wp-json\/wp\/v2\/pages\/1705\/revisions"}],"predecessor-version":[{"id":2276,"href":"https:\/\/ens3a-caba.infd.edu.ar\/sitio\/wp-json\/wp\/v2\/pages\/1705\/revisions\/2276"}],"wp:attachment":[{"href":"https:\/\/ens3a-caba.infd.edu.ar\/sitio\/wp-json\/wp\/v2\/media?parent=1705"}],"curies":[{"name":"wp","href":"https:\/\/api.w.org\/{rel}","templated":true}]}}