{"id":1623,"date":"2022-06-01T11:09:24","date_gmt":"2022-06-01T14:09:24","guid":{"rendered":"https:\/\/ens3a-caba.infd.edu.ar\/sitio\/?page_id=1623"},"modified":"2026-04-15T11:16:53","modified_gmt":"2026-04-15T14:16:53","slug":"pases","status":"publish","type":"page","link":"https:\/\/ens3a-caba.infd.edu.ar\/sitio\/pases\/","title":{"rendered":"Pases"},"content":{"rendered":"\n<p><strong>Para alumnos de la instituci\u00f3n que migran a otro profesorado:<\/strong> Acercanos tu constancia de vacante de la instituci\u00f3n que te recibe y el <a href=\"https:\/\/bibliotecaens3.wixsite.com\/ens3lugano\/libredeuda\" target=\"_blank\" rel=\"noreferrer noopener\">libre deuda gestionado en Biblioteca<\/a> para que iniciemos tu tr\u00e1mite.<\/p>\n\n\n\n<p><strong>Para estudiantes que eligen nuestro profesorado:<\/strong> Escrib\u00ed una carta dirigida a la Regente, Prof. Andrea Rattin, indicando los motivos por los que solicitas el Pase. Por favor dej\u00e1 registro en ella de tus datos personales y de contacto. Adjunt\u00e1 tu ficha acad\u00e9mica. Entregala personalmente en la instituci\u00f3n. Recibir\u00e1s respuesta a tu mail de contacto. Una vez aceptada tu solicitud de Pase, ven\u00ed a la ENS 3 en la fecha indicada en la <a href=\"https:\/\/ens3a-caba.infd.edu.ar\/sitio\/informacion-para-estudiantes-agenda-y-horarios\/\">AGENDA EDUCATIVA<\/a>. <\/p>\n\n\n\n<p><strong>Hasta el 19 de junio de 2026<\/strong> recibimos solicitudes y documentaci\u00f3n para presentar a Regencia para empezar a cursar en el 2\u00b0 cuatrimestre 2026 en nuestra instituci\u00f3n. <\/p>\n\n\n\n<p>Turno Ma\u00f1ana: 8 a 10 hs.<\/p>\n\n\n\n<p>Turno Tarde: 13 a 15 hs.<\/p>\n\n\n\n<p>Turno Vespertino: 17.30 a 19.30 hs.<\/p>\n\n\n\n<p><em>Documentaci\u00f3n que ten\u00e9s que traer: <\/em><\/p>\n\n\n\n<p>-Original y fotocopia de: <\/p>\n\n\n\n<ul>\n<li>DNI<\/li>\n\n\n\n<li>Partida de nacimiento<\/li>\n\n\n\n<li>T\u00edtulo Secundario.<\/li>\n<\/ul>\n\n\n\n<p>-2 fotos color 4&#215;4<\/p>\n\n\n\n<p>-Carpeta 3 solapas (de cartulina no plastificada sin el\u00e1stico)<\/p>\n\n\n\n<p>-Ficha acad\u00e9mica<\/p>\n","protected":false},"excerpt":{"rendered":"<p>Para alumnos de la instituci\u00f3n que migran a otro profesorado: Acercanos tu constancia de vacante de la instituci\u00f3n que te recibe y el libre deuda gestionado en Biblioteca para que iniciemos tu tr\u00e1mite. Para estudiantes que eligen nuestro profesorado: Escrib\u00ed una carta dirigida a la Regente, Prof. Andrea Rattin, indicando los motivos por los que &#8230; <a title=\"Pases\" class=\"read-more\" href=\"https:\/\/ens3a-caba.infd.edu.ar\/sitio\/pases\/\" aria-label=\"More on Pases\">[+]<\/a><\/p>\n","protected":false},"author":3576,"featured_media":0,"parent":0,"menu_order":0,"comment_status":"closed","ping_status":"closed","template":"","meta":[],"acf":[],"_links":{"self":[{"href":"https:\/\/ens3a-caba.infd.edu.ar\/sitio\/wp-json\/wp\/v2\/pages\/1623"}],"collection":[{"href":"https:\/\/ens3a-caba.infd.edu.ar\/sitio\/wp-json\/wp\/v2\/pages"}],"about":[{"href":"https:\/\/ens3a-caba.infd.edu.ar\/sitio\/wp-json\/wp\/v2\/types\/page"}],"author":[{"embeddable":true,"href":"https:\/\/ens3a-caba.infd.edu.ar\/sitio\/wp-json\/wp\/v2\/users\/3576"}],"replies":[{"embeddable":true,"href":"https:\/\/ens3a-caba.infd.edu.ar\/sitio\/wp-json\/wp\/v2\/comments?post=1623"}],"version-history":[{"count":17,"href":"https:\/\/ens3a-caba.infd.edu.ar\/sitio\/wp-json\/wp\/v2\/pages\/1623\/revisions"}],"predecessor-version":[{"id":2376,"href":"https:\/\/ens3a-caba.infd.edu.ar\/sitio\/wp-json\/wp\/v2\/pages\/1623\/revisions\/2376"}],"wp:attachment":[{"href":"https:\/\/ens3a-caba.infd.edu.ar\/sitio\/wp-json\/wp\/v2\/media?parent=1623"}],"curies":[{"name":"wp","href":"https:\/\/api.w.org\/{rel}","templated":true}]}}