{"id":1620,"date":"2022-06-01T11:09:04","date_gmt":"2022-06-01T14:09:04","guid":{"rendered":"https:\/\/ens3a-caba.infd.edu.ar\/sitio\/?page_id=1620"},"modified":"2025-09-24T10:28:32","modified_gmt":"2025-09-24T13:28:32","slug":"volantes","status":"publish","type":"page","link":"https:\/\/ens3a-caba.infd.edu.ar\/sitio\/volantes\/","title":{"rendered":"Volantes"},"content":{"rendered":"\n<p><strong>Para estudiantes de la instituci\u00f3n<\/strong>: <a href=\"https:\/\/ens3a-caba.infd.edu.ar\/sitio\/wp-content\/uploads\/2022\/08\/volantes.pdf\">Imprimir y completar este formulario<\/a>. Traerlo a la Bedel\u00eda para su correspondiente autorizaci\u00f3n.<\/p>\n\n\n\n<p><strong>Para alumnos que eligen la ENS 3:<\/strong> Para poder cursar de Volante en la ENS 3 anexo Lugano te solicitamos que te presentes en la instituci\u00f3n el d\u00eda indicado en la <a href=\"https:\/\/ens3a-caba.infd.edu.ar\/sitio\/informacion-para-estudiantes-agenda-y-horarios\/\">AGENDA EDUCATIVA<\/a> con la siguiente documentaci\u00f3n al turno en el que solicitar\u00e1s vacante:<\/p>\n\n\n\n<ul>\n<li>Autorizaci\u00f3n Disposici\u00f3n 313, firmada y sellada por tu profesorado.<\/li>\n\n\n\n<li>Ficha Acad\u00e9mica (firmada y sellada).<\/li>\n\n\n\n<li>DNI (ambas caras del mismo).<\/li>\n<\/ul>\n\n\n\n<p>Turno Ma\u00f1ana: 8 a 10 hs.<\/p>\n\n\n\n<p>Turno Tarde: 13 a 15 hs.<\/p>\n\n\n\n<p>Turno Vespertino: 17.30 a 19.30 hs. <\/p>\n\n\n\n<p><\/p>\n\n\n\n<p>Es requisito obligatorio traer esta documentaci\u00f3n para poder acceder a la inscripci\u00f3n a las materias. <a href=\"https:\/\/ens3a-caba.infd.edu.ar\/sitio\/informacion-para-estudiantes-agenda-y-horarios\/\">Record\u00e1 chequear en el Horario la oferta de materias. <\/a>En la fecha de inscripci\u00f3n pertinente podr\u00e1n optar por los espacios curriculares de acuerdo a la disponibilidad de vacantes. Las materias que figuran como asesoramiento no se dictan durante el cuatrimestre.<\/p>\n","protected":false},"excerpt":{"rendered":"<p>Para estudiantes de la instituci\u00f3n: Imprimir y completar este formulario. Traerlo a la Bedel\u00eda para su correspondiente autorizaci\u00f3n. Para alumnos que eligen la ENS 3: Para poder cursar de Volante en la ENS 3 anexo Lugano te solicitamos que te presentes en la instituci\u00f3n el d\u00eda indicado en la AGENDA EDUCATIVA con la siguiente documentaci\u00f3n &#8230; <a title=\"Volantes\" class=\"read-more\" href=\"https:\/\/ens3a-caba.infd.edu.ar\/sitio\/volantes\/\" aria-label=\"More on Volantes\">[+]<\/a><\/p>\n","protected":false},"author":3576,"featured_media":0,"parent":0,"menu_order":0,"comment_status":"closed","ping_status":"closed","template":"","meta":[],"acf":[],"_links":{"self":[{"href":"https:\/\/ens3a-caba.infd.edu.ar\/sitio\/wp-json\/wp\/v2\/pages\/1620"}],"collection":[{"href":"https:\/\/ens3a-caba.infd.edu.ar\/sitio\/wp-json\/wp\/v2\/pages"}],"about":[{"href":"https:\/\/ens3a-caba.infd.edu.ar\/sitio\/wp-json\/wp\/v2\/types\/page"}],"author":[{"embeddable":true,"href":"https:\/\/ens3a-caba.infd.edu.ar\/sitio\/wp-json\/wp\/v2\/users\/3576"}],"replies":[{"embeddable":true,"href":"https:\/\/ens3a-caba.infd.edu.ar\/sitio\/wp-json\/wp\/v2\/comments?post=1620"}],"version-history":[{"count":15,"href":"https:\/\/ens3a-caba.infd.edu.ar\/sitio\/wp-json\/wp\/v2\/pages\/1620\/revisions"}],"predecessor-version":[{"id":2289,"href":"https:\/\/ens3a-caba.infd.edu.ar\/sitio\/wp-json\/wp\/v2\/pages\/1620\/revisions\/2289"}],"wp:attachment":[{"href":"https:\/\/ens3a-caba.infd.edu.ar\/sitio\/wp-json\/wp\/v2\/media?parent=1620"}],"curies":[{"name":"wp","href":"https:\/\/api.w.org\/{rel}","templated":true}]}}

<p><strong>Para estudiantes de la institución</strong>: <a href="https://ens3a-caba.infd.edu.ar/sitio/wp-content/uploads/2022/08/volantes.pdf">Imprimir y completar este formulario</a>. Traerlo a la Bedelía para su correspondiente autorización.</p>



<p><strong>Para alumnos que eligen la ENS 3:</strong> Para poder cursar de Volante en la ENS 3 anexo Lugano te solicitamos que te presentes en la institución el día indicado en la <a href="https://ens3a-caba.infd.edu.ar/sitio/informacion-para-estudiantes-agenda-y-horarios/">AGENDA EDUCATIVA</a> con la siguiente documentación al turno en el que solicitarás vacante:</p>



<ul>
<li>Autorización Disposición 313, firmada y sellada por tu profesorado.</li>



<li>Ficha Académica (firmada y sellada).</li>



<li>DNI (ambas caras del mismo).</li>
</ul>



<p>Turno Mañana: 8 a 10 hs.</p>



<p>Turno Tarde: 13 a 15 hs.</p>



<p>Turno Vespertino: 17.30 a 19.30 hs. </p>



<p></p>



<p>Es requisito obligatorio traer esta documentación para poder acceder a la inscripción a las materias. <a href="https://ens3a-caba.infd.edu.ar/sitio/informacion-para-estudiantes-agenda-y-horarios/">Recordá chequear en el Horario la oferta de materias. </a>En la fecha de inscripción pertinente podrán optar por los espacios curriculares de acuerdo a la disponibilidad de vacantes. Las materias que figuran como asesoramiento no se dictan durante el cuatrimestre.</p>

<p>Para estudiantes de la institución: Imprimir y completar este formulario. Traerlo a la Bedelía para su correspondiente autorización. Para alumnos que eligen la ENS 3: Para poder cursar de Volante en la ENS 3 anexo Lugano te solicitamos que te presentes en la institución el día indicado en la AGENDA EDUCATIVA con la siguiente documentación &#8230; <a title="Volantes" class="read-more" href="https://ens3a-caba.infd.edu.ar/sitio/volantes/" aria-label="More on Volantes">[+]</a></p>
